What is z(0)?
78
Let v(g) = 49*g + 1375. Give v(-28).
3
Let z(m) = 30*m - 73. What is z(2)?
-13
Let g(t) = 129*t**2 + 14*t - 27. Calculate g(2).
517
Let y(h) = 2*h**3 - 5*h**2 + 14*h - 30. Determine y(3).
21
Let r(x) = -2081*x - 76993. Determine r(-37).
4
Let i(g) = g**3 + 24*g**2 - 2*g - 33. Determine i(-24).
15
Let p(z) = z**3 + 9*z**2 - z + 16. Calculate p(-9).
25
Let m(c) = 4*c**2 + 44*c + 16. Calculate m(-11).
16
Let d(w) = -4*w**2 - 87*w - 145. Determine d(-20).
-5
Let d(a) = -2*a**2 - 36*a + 263. Give d(-23).
33
Let n(g) = g**3 - 54*g**2 + 107*g - 226. What is n(52)?
-70
Let t(u) = -286*u + 38032. Give t(133).
-6
Let l(q) = 5*q**2 + 118*q - 164. Give l(-25).
11
Let c(w) = -w**3 - 15*w**2 + 363*w + 8. Calculate c(13).
-5
Let o(l) = -6746*l - 53967. Give o(-8).
1
Let b(z) = 2*z**2 - z + 15. Calculate b(-7).
120
Let m(y) = -2125*y - 14835. Determine m(-7).
40
Let s(i) = 39*i - 146. Calculate s(4).
10
Let t(z) = z**3 - 26*z**2 + 50*z - 33. Give t(24).
15
Let n(j) = 273*j + 1126. Give n(-4).
34
Let a(b) = b**3 + 13*b**2 - 38*b - 110. Give a(-15).
10
Let g(t) = 220*t**3 + 2*t**2 - 1. Calculate g(1).
221
Let f(a) = 120*a + 14988. Give f(-125).
-12
Let p(x) = x**3 + 24*x**2 + 114*x - 318. What is p(-15)?
-3
Let k(w) = -159*w**2 + w. Calculate k(1).
-158
Let d(z) = -10*z**2 + 38*z + 134. Give d(-3).
-70
Let q(l) = 153*l - 2648. Give q(18).
106
Let r(u) = 25*u - 1680. What is r(74)?
170
Let z(u) = 22*u + 38. Give z(-1).
16
Let i(k) = k**3 - 41*k**2 - 36*k - 66. Determine i(42).
186
Let b(u) = u**3 - 28*u**2 - 520*u + 1609. What is b(40)?
9
Let c(q) = 503*q + 16089. What is c(-32)?
-7
Let t(m) = -m**3 + 37*m**2 - 71*m - 12. What is t(35)?
-47
Let q(l) = 6*l**3 + 29*l**2 + 69*l + 345. What is q(-5)?
-25
Let l(p) = -19*p - 54. Determine l(-5).
41
Let f(n) = -n**2 + 17*n - 18. What is f(8)?
54
Let a(g) = 13*g**2 + 4*g + 32. Calculate a(4).
256
Let i(s) = -3*s**3 - 10*s**2 + 39*s - 13. Determine i(3).
-67
Let k(u) = 36*u**2 - 2*u - 1. Give k(1).
33
Let c(g) = -g**2 + 879. Determine c(30).
-21
Let d(g) = 722*g - 15156. Give d(21).
6
Let r(j) = 52*j + 699. What is r(-15)?
-81
Let t(n) = 22*n + 213. Calculate t(-11).
-29
Let d(w) = 22*w - 142. Calculate d(5).
-32
Let z(g) = -11*g + 10. Determine z(-8).
98
Let y(z) = 11*z**2 - 249*z - 71. What is y(23)?
21
Let p(z) = 41*z**2 - 4*z + 3. What is p(-2)?
175
Let r(h) = -2*h**2 - 659*h + 4027. What is r(6)?
1
Let c(s) = -4*s**2 + 21*s - 18. Determine c(1).
-1
Let t(s) = s**2 + 62*s - 58. Calculate t(-58).
-290
Let x(q) = 59*q + 487. Determine x(-11).
-162
Let w(v) = -52*v - 682. Calculate w(0).
-682
Let f(x) = x**3 + 8*x**2 - 23*x - 32. Determine f(-10).
-2
Let w(f) = f**3 + 116*f**2 - 331*f + 3092. What is w(-119)?
-2
Let u(p) = 3*p**2 + 7*p - 162. Give u(14).
524
Let c(j) = -12*j**2 - 11*j + 27. Give c(2).
-43
Let i(j) = -j**3 + 11*j**2 - 17*j + 220. Give i(11).
33
Let v(f) = f**2 + 336*f + 2618. Give v(-8).
-6
Let y(i) = i**3 - 78*i**2 + 1294*i + 41. Give y(24).
-7
Let g(y) = 492*y + 7386. Determine g(-15).
6
Let r(c) = -5*c**2 + 57*c - 203. Give r(7).
-49
Let o(g) = 13*g - 155. Calculate o(6).
-77
Let t(r) = -7*r**2 + 86*r + 4. Calculate t(13).
-61
Let d(h) = 23*h + 87. What is d(-4)?
-5
Let x(z) = -1535*z - 4588. What is x(-3)?
17
Let i(z) = 16*z**3 + z**2 - 7*z + 6. Determine i(1).
16
Let z(u) = u**3 + u**2 - 4*u - 229. Calculate z(0).
-229
Let w(a) = -12*a**3 - a**2 - 4*a - 12. Determine w(-2).
88
Let h(k) = -2*k**2 + 155*k - 40. Give h(77).
37
Let x(l) = 16*l**2 - 235*l - 88. Determine x(15).
-13
Let c(i) = 6*i**2 - 30*i - 20. Determine c(6).
16
Let p(x) = -10*x**2 - 20*x - 9. What is p(-1)?
1
Let w(z) = -z + 165. Give w(42).
123
Let c(f) = f**2 + 451*f - 4623. Calculate c(10).
-13
Let v(l) = 27*l + 205. Give v(-8).
-11
Let s(u) = 1633*u + 8096. What is s(-5)?
-69
Let t(c) = -c**2 - 51*c - 69. What is t(-45)?
201
Let g(x) = 16*x**3 + 3*x**2 - 9*x + 5. Calculate g(1).
15
Let h(x) = 2*x**3 - 10*x**2 - 9*x + 4. Give h(6).
22
Let w(k) = -9*k**2 + 19*k + 59. Give w(9).
-499
Let q(s) = -s - 131. Give q(20).
-151
Let t(m) = -3*m**2 - 230*m + 116. What is t(-77)?
39
Let r(w) = w**3 + 27*w**2 - 194*w - 14. Calculate r(6).
10
Let l(r) = 2*r**3 - 13*r**2 + 5*r + 48. Determine l(5).
-2
Let u(n) = 5*n**2 + 123*n + 730. Calculate u(-14).
-12
Let j(h) = -52*h + 574. What is j(11)?
2
Let b(k) = 2*k**2 + 27*k + 74. Determine b(-11).
19
Let v(a) = 3*a**2 + 47*a - 63. Calculate v(-15).
-93
Let n(y) = 22*y - 774. Calculate n(33).
-48
Let h(b) = 143*b + 13116. Give h(-92).
-40
Let v(p) = -p**3 - 26*p**2 + 3*p + 150. Calculate v(-26).
72
Let a(z) = z**3 + 18*z**2 - 100*z + 191. What is a(-23)?
-154
Let u(z) = 7*z**2 + 180*z + 1014. Determine u(-8).
22
Let l(u) = -123*u - 3099. Calculate l(-26).
99
Let i(y) = 2*y**2 + 43*y - 2380. What is i(-47)?
17
Let o(q) = q**2 + 32*q + 27. What is o(-12)?
-213
Let u(k) = -k**3 + 26*k**2 + 2*k + 37. What is u(26)?
89
Let v(c) = -243*c**2 - 719*c + 18. Calculate v(-3).
-12
Let g(r) = -1155*r - 4458. What is g(-4)?
162
Let w(k) = -15*k + 477. Give w(28).
57
Let k(w) = w**2 - 407*w + 4348. What is k(11)?
-8
Let k(l) = -l**3 - 25*l**2 - 73*l - 43. Give k(-22).
111
Let k(m) = 2*m - 97. What is k(54)?
11
Let n(y) = -128*y + 74. What is n(1)?
-54
Let a(p) = -11*p + 56. What is a(4)?
12
Let t(p) = -p**3 + 5*p**2 + 19*p - 10. Determine t(6).
68
Let u(c) = -c**3 + 55*c**2 - 55*c + 113. Determine u(54).
59
Let f(d) = 26*d + 5517. What is f(-212)?
5
Let s(b) = b**3 - 277*b + 245. Give s(-17).
41
Let y(o) = -66*o**2 + 187*o + 10. What is y(3)?
-23
Let c(f) = 8*f**2 + 326*f - 414. Calculate c(-42).
6
Let j(y) = y**2 - 797*y - 14660. What is j(-18)?
10
Let s(x) = -7*x**3 + 4*x + 2. What is s(-2)?
50
Let p(z) = 3*z**2 + 377*z - 510. What is p(-127)?
-2
Let o(w) = w**2 + 42*w - 417. Determine o(-50).
-17
Let k(d) = -12*d**2 + 692*d + 1682. Calculate k(60).
2
Let t(g) = g**3 - 46*g**2 - 98*g + 95. Determine t(48).
-1
Let m(u) = -5*u**3 + u**2 - 2*u + 50. What is m(0)?
50
Let c(s) = 2*s**2 + 1577*s - 7927. Calculate c(5).
8
Let f(k) = -3*k**3 - 296*k**2 + 95*k - 364. Determine f(-99).
32
Let l(c) = -16*c**2 + 74*c + 30. What is l(5)?
0
Let h(o) = 7412*o + 29651. Calculate h(-4).
3
Let j(q) = -2842*q - 8. What is j(0)?
-8
Let n(f) = 147*f + 673. What is n(-5)?
-62
Let x(y) = y**2 + 53*y + 341. Determine x(-7).
19
Let l(u) = 52*u**2 - 1259*u + 269. Calculate l(24).
5
Let c(t) = -116*t + 655. Give c(9).
-389
Let q(b) = -b**3 + 66*b**2 + 55*b + 309. What is q(67)?
-495
Let a(q) = -q**2 + 6*q + 234. Give a(-15).
-81
Let l(q) = -q**3 - 3*q**2 + 54*q - 27. Give l(-9).
-27
Let c(m) = m**2 - 152*m - 2327. Determine c(-14).
-3
Let w(j) = -j**2 + 69*j + 757. What is w(-9)?
55
Let c(q) = -3*q**2 + 48*q - 148. Calculate c(12).
-4
Let n(d) = d**2 + 2392*d - 16798. What is n(7)?
-5
Let c(x) = x**3 - 25*x**2 + 33*x - 854. Determine c(25).
-29
Let w(y) = y**3 - 36*y**2 + 25*y + 357. What is w(35)?
7
Let q(m) = m**2 - m + 184. Determine q(0).
184
Let j(y) = 2*y**3 - 3*y**2 - 12*y - 11. What is j(6)?
241
Let q(c) = 24*c - 223. Calculate q(9).
-7
Let b(u) = 27*u - 142. Give b(6).
20
Let f(h) = -8582*h + 34330. Give f(4).
2
Let k(s) = -s**3 + 71*s**2 + 74*s - 260. What is k(72)?
-116
Let w(a) = -3*a**2 + 33*a + 11. What is w(14)?
-115
Let g(p) = -242*p + 2043. Give g(8).
107
Let h(k) = 2*k**2 + 77*k + 209. Determine h(-34).
-97
Let m(c) = -c**2 + 72*c + 9735. Calculate m(-69).
6
Let k(x) = x**3 + 5*x**2 - 130*x. Determine k(-14).
56
Let i(c) = -c**2 + 90*c + 376. Give i(-4).
0
Let b(h) = 1077*h + 6553. Give b(-6).
91
Let q(k) = -8*k**2 + 114*k + 9. What is q(14)?
37
Let b(u) = -34*u**2 + 4*u + 5. Determine b(-1).
-33
Let h(g) = g**3 - 19*g**2 - 48*g - 35. What is h(22)?
361
Let y(p) = -2*p**2 - 947*p - 4682. What is y(-5)?
3
Let y(j) = -32*j**3 - 2*j**2 + 3*j - 1. What is y(1)?
-32
Let a(s) = 522*s - 2051. Determine a(4).
37
Let b(k) = 13*k**2 - 35*k - 187. Determine b(-4).
161
Let u(y) = 2681*y - 2682. Calculate u(1).
-1
Let q(i) = -43*i - 557. What is q(-8)?
-213
Let m(x) = 9*x - 111. Determine m(25).
114
Let c(f) = f**2 - 98*f - 313. Calculate c(-3).
-10
Let b(h) = -401*h + 14040. Determine b(35).
5
Let y(o) = -8*o**2 - 120*o - 33. Determine y(-17).
-305
Let k(c) = c**3 - 30*c**2 + 385*c - 11547. What is k(30)?
3
Let u